{"id":1045,"date":"2024-03-22T12:21:52","date_gmt":"2024-03-22T11:21:52","guid":{"rendered":"https:\/\/gettorfer-schuetzenverein.de\/?page_id=1045"},"modified":"2024-03-22T12:35:25","modified_gmt":"2024-03-22T11:35:25","slug":"vermietung","status":"publish","type":"page","link":"https:\/\/gettorfer-schuetzenverein.de\/index.php\/vermietung\/","title":{"rendered":"Vermietung"},"content":{"rendered":"\t\t<div data-elementor-type=\"wp-page\" data-elementor-id=\"1045\" class=\"elementor elementor-1045\">\n\t\t\t\t\t\t<section class=\"elementor-section elementor-top-section elementor-element elementor-element-30b78c6 elementor-section-boxed elementor-section-height-default elementor-section-height-default\" data-id=\"30b78c6\" data-element_type=\"section\" data-e-type=\"section\">\n\t\t\t\t\t\t<div class=\"elementor-container elementor-column-gap-default\">\n\t\t\t\t\t<div class=\"elementor-column elementor-col-100 elementor-top-column elementor-element elementor-element-2aa9f63\" data-id=\"2aa9f63\" data-element_type=\"column\" data-e-type=\"column\">\n\t\t\t<div class=\"elementor-widget-wrap elementor-element-populated\">\n\t\t\t\t\t\t<section class=\"elementor-section elementor-inner-section elementor-element elementor-element-a5a18a5 elementor-section-boxed elementor-section-height-default elementor-section-height-default\" data-id=\"a5a18a5\" data-element_type=\"section\" data-e-type=\"section\">\n\t\t\t\t\t\t<div class=\"elementor-container elementor-column-gap-default\">\n\t\t\t\t\t<div class=\"elementor-column elementor-col-50 elementor-inner-column elementor-element elementor-element-42bec01\" data-id=\"42bec01\" data-element_type=\"column\" data-e-type=\"column\">\n\t\t\t<div class=\"elementor-widget-wrap\">\n\t\t\t\t\t\t\t<\/div>\n\t\t<\/div>\n\t\t\t\t<div class=\"elementor-column elementor-col-50 elementor-inner-column elementor-element elementor-element-d7b0ba8\" data-id=\"d7b0ba8\" data-element_type=\"column\" data-e-type=\"column\">\n\t\t\t<div class=\"elementor-widget-wrap\">\n\t\t\t\t\t\t\t<\/div>\n\t\t<\/div>\n\t\t\t\t\t<\/div>\n\t\t<\/section>\n\t\t\t\t\t<\/div>\n\t\t<\/div>\n\t\t\t\t\t<\/div>\n\t\t<\/section>\n\t\t\t\t<section class=\"elementor-section elementor-top-section elementor-element elementor-element-d098c7f elementor-section-boxed elementor-section-height-default elementor-section-height-default\" data-id=\"d098c7f\" data-element_type=\"section\" data-e-type=\"section\">\n\t\t\t\t\t\t<div class=\"elementor-container elementor-column-gap-default\">\n\t\t\t\t\t<div class=\"elementor-column elementor-col-100 elementor-top-column elementor-element elementor-element-8822334\" data-id=\"8822334\" data-element_type=\"column\" data-e-type=\"column\">\n\t\t\t<div class=\"elementor-widget-wrap elementor-element-populated\">\n\t\t\t\t\t\t<div class=\"elementor-element elementor-element-0964074 elementor-widget elementor-widget-text-editor\" data-id=\"0964074\" data-element_type=\"widget\" data-e-type=\"widget\" data-widget_type=\"text-editor.default\">\n\t\t\t\t<div class=\"elementor-widget-container\">\n\t\t\t\t\t\t\t\t\t<h4><strong>Anfragen zur Vermietung der R\u00e4umlichkeiten f\u00fcr Festivit\u00e4ten beantwortet:<\/strong><br \/><br \/><\/h4><p>Karl-Heinz B\u00f6ssow<br \/>T\u00fcttendorfer Weg 16, Gettorf<br \/>Tel: 0171 778 48 98<br \/>E-Mail:\u00a0<a href=\"mailto:Karl-Heinz@boessow.com\">Karl-Heinz@boessow.com<\/a><\/p>\t\t\t\t\t\t\t\t<\/div>\n\t\t\t\t<\/div>\n\t\t\t\t\t<\/div>\n\t\t<\/div>\n\t\t\t\t\t<\/div>\n\t\t<\/section>\n\t\t\t\t<\/div>\n\t\t","protected":false},"excerpt":{"rendered":"<p>Anfragen zur Vermietung der R\u00e4umlichkeiten f\u00fcr Festivit\u00e4ten beantwortet: Karl-Heinz B\u00f6ssowT\u00fcttendorfer Weg 16, GettorfTel: 0171 778 48 98E-Mail:\u00a0Karl-Heinz@boessow.com<\/p>\n","protected":false},"author":1,"featured_media":0,"parent":0,"menu_order":0,"comment_status":"closed","ping_status":"closed","template":"","meta":{"footnotes":""},"class_list":["post-1045","page","type-page","status-publish","hentry"],"_links":{"self":[{"href":"https:\/\/gettorfer-schuetzenverein.de\/index.php\/wp-json\/wp\/v2\/pages\/1045","targetHints":{"allow":["GET"]}}],"collection":[{"href":"https:\/\/gettorfer-schuetzenverein.de\/index.php\/wp-json\/wp\/v2\/pages"}],"about":[{"href":"https:\/\/gettorfer-schuetzenverein.de\/index.php\/wp-json\/wp\/v2\/types\/page"}],"author":[{"embeddable":true,"href":"https:\/\/gettorfer-schuetzenverein.de\/index.php\/wp-json\/wp\/v2\/users\/1"}],"replies":[{"embeddable":true,"href":"https:\/\/gettorfer-schuetzenverein.de\/index.php\/wp-json\/wp\/v2\/comments?post=1045"}],"version-history":[{"count":34,"href":"https:\/\/gettorfer-schuetzenverein.de\/index.php\/wp-json\/wp\/v2\/pages\/1045\/revisions"}],"predecessor-version":[{"id":1084,"href":"https:\/\/gettorfer-schuetzenverein.de\/index.php\/wp-json\/wp\/v2\/pages\/1045\/revisions\/1084"}],"wp:attachment":[{"href":"https:\/\/gettorfer-schuetzenverein.de\/index.php\/wp-json\/wp\/v2\/media?parent=1045"}],"curies":[{"name":"wp","href":"https:\/\/api.w.org\/{rel}","templated":true}]}}