{"id":277,"date":"2019-04-10T22:29:49","date_gmt":"2019-04-10T20:29:49","guid":{"rendered":"http:\/\/gsv.tetzlaff.name\/?page_id=277"},"modified":"2019-04-10T22:48:55","modified_gmt":"2019-04-10T20:48:55","slug":"elementor-277","status":"publish","type":"page","link":"https:\/\/gettorfer-schuetzenverein.de\/index.php\/elementor-277\/","title":{"rendered":"Termine 2019"},"content":{"rendered":"\t\t<div data-elementor-type=\"wp-post\" data-elementor-id=\"277\" class=\"elementor elementor-277\">\n\t\t\t\t\t\t<section class=\"elementor-section elementor-top-section elementor-element elementor-element-620b651 elementor-section-boxed elementor-section-height-default elementor-section-height-default\" data-id=\"620b651\" data-element_type=\"section\" data-e-type=\"section\">\n\t\t\t\t\t\t<div class=\"elementor-container elementor-column-gap-default\">\n\t\t\t\t\t<div class=\"elementor-column elementor-col-100 elementor-top-column elementor-element elementor-element-0a98b65\" data-id=\"0a98b65\" data-element_type=\"column\" data-e-type=\"column\">\n\t\t\t<div class=\"elementor-widget-wrap elementor-element-populated\">\n\t\t\t\t\t\t\t<\/div>\n\t\t<\/div>\n\t\t\t\t\t<\/div>\n\t\t<\/section>\n\t\t\t\t<section class=\"elementor-section elementor-top-section elementor-element elementor-element-66e364a elementor-section-boxed elementor-section-height-default elementor-section-height-default\" data-id=\"66e364a\" data-element_type=\"section\" data-e-type=\"section\">\n\t\t\t\t\t\t<div class=\"elementor-container elementor-column-gap-default\">\n\t\t\t\t\t<div class=\"elementor-column elementor-col-100 elementor-top-column elementor-element elementor-element-d91541a\" data-id=\"d91541a\" data-element_type=\"column\" data-e-type=\"column\">\n\t\t\t<div class=\"elementor-widget-wrap\">\n\t\t\t\t\t\t\t<\/div>\n\t\t<\/div>\n\t\t\t\t\t<\/div>\n\t\t<\/section>\n\t\t\t\t<section class=\"elementor-section elementor-top-section elementor-element elementor-element-e2ee5a3 elementor-section-boxed elementor-section-height-default elementor-section-height-default\" data-id=\"e2ee5a3\" data-element_type=\"section\" data-e-type=\"section\">\n\t\t\t\t\t\t<div class=\"elementor-container elementor-column-gap-default\">\n\t\t\t\t\t<div class=\"elementor-column elementor-col-100 elementor-top-column elementor-element elementor-element-6f32acb\" data-id=\"6f32acb\" data-element_type=\"column\" data-e-type=\"column\">\n\t\t\t<div class=\"elementor-widget-wrap elementor-element-populated\">\n\t\t\t\t\t\t<div class=\"elementor-element elementor-element-b064862 elementor-widget elementor-widget-text-editor\" data-id=\"b064862\" data-element_type=\"widget\" data-e-type=\"widget\" data-widget_type=\"text-editor.default\">\n\t\t\t\t<div class=\"elementor-widget-container\">\n\t\t\t\t\t\t\t\t\t<h3><strong>Sch\u00fctzenfest:<\/strong><\/h3><ul><li>Sa. 29.Juni\u00a0\u00a0 Aufbau Sch\u00fctzenfest<\/li><li style=\"box-sizing: inherit;\">So. 30.Juni\u00a0\u00a0 K\u00f6nigsschu\u00df<\/li><li style=\"box-sizing: inherit;\">Di. 02.Juli\u00a0\u00a0\u00a0\u00a0 Sch\u00fctzenfest<\/li><li style=\"box-sizing: inherit;\">Mi. 03.Juli\u00a0\u00a0\u00a0\u00a0 Sch\u00fctzenfest<\/li><li style=\"box-sizing: inherit;\">Do. 04.Juli\u00a0\u00a0\u00a0 Sch\u00fctzenfest<\/li><li style=\"box-sizing: inherit;\">Fr. 05.Juli\u00a0\u00a0\u00a0\u00a0\u00a0 Sch\u00fctzenfest<\/li><li style=\"box-sizing: inherit;\">Sa. 06.Juli\u00a0\u00a0\u00a0\u00a0 Sch\u00fctzenfest<\/li><li style=\"box-sizing: inherit;\">So. 07.Juli\u00a0\u00a0\u00a0\u00a0 Sch\u00fctzenfest<\/li><\/ul><div><h3><strong>Weitere Termine:<\/strong><\/h3><\/div><div><span style=\"color: #303030; font-family: 'Open Sans', Tahoma, Arial; font-size: 17px; font-style: normal; font-variant-ligatures: normal; font-variant-caps: normal; font-weight: 400; letter-spacing: normal; orphans: 2; text-align: start; text-indent: 0px; text-transform: none; white-space: normal; widows: 2; word-spacing: 0px; -webkit-text-stroke-width: 0px; background-color: #ffffff; text-decoration-style: initial; text-decoration-color: initial; display: inline !important; float: none;\">31. August\u00a0\u00a0\u00a0\u00a0\u00a0\u00a0\u00a0 Grillfest<br \/><\/span><\/div><div><span style=\"color: #303030; font-family: 'Open Sans', Tahoma, Arial; font-size: 17px; font-style: normal; font-variant-ligatures: normal; font-variant-caps: normal; font-weight: 400; letter-spacing: normal; orphans: 2; text-align: start; text-indent: 0px; text-transform: none; white-space: normal; widows: 2; word-spacing: 0px; -webkit-text-stroke-width: 0px; background-color: #ffffff; text-decoration-style: initial; text-decoration-color: initial; display: inline !important; float: none;\">09. November\u00a0 Abschie\u00dfen<\/span><\/div><div><span style=\"color: #303030; font-family: 'Open Sans', Tahoma, Arial; font-size: 17px; font-style: normal; font-variant-ligatures: normal; font-variant-caps: normal; font-weight: 400; letter-spacing: normal; orphans: 2; text-align: start; text-indent: 0px; text-transform: none; white-space: normal; widows: 2; word-spacing: 0px; -webkit-text-stroke-width: 0px; background-color: #ffffff; text-decoration-style: initial; text-decoration-color: initial; display: inline !important; float: none;\">17. Dezember\u00a0 Weihnachtsschie\u00dfen<br \/><\/span><\/div><div><span style=\"color: #303030; font-family: 'Open Sans', Tahoma, Arial; font-size: 17px; font-style: normal; font-variant-ligatures: normal; font-variant-caps: normal; font-weight: 400; letter-spacing: normal; orphans: 2; text-align: start; text-indent: 0px; text-transform: none; white-space: normal; widows: 2; word-spacing: 0px; -webkit-text-stroke-width: 0px; background-color: #ffffff; text-decoration-style: initial; text-decoration-color: initial; display: inline !important; float: none;\">\u00a0<\/span><\/div>\t\t\t\t\t\t\t\t<\/div>\n\t\t\t\t<\/div>\n\t\t\t\t\t<\/div>\n\t\t<\/div>\n\t\t\t\t\t<\/div>\n\t\t<\/section>\n\t\t\t\t<\/div>\n\t\t","protected":false},"excerpt":{"rendered":"<p>Sch\u00fctzenfest: Sa. 29.Juni&nbsp;&nbsp; Aufbau Sch\u00fctzenfest So. 30.Juni&nbsp;&nbsp; K\u00f6nigsschu\u00df Di. 02.Juli&nbsp;&nbsp;&nbsp;&nbsp; Sch\u00fctzenfest Mi. 03.Juli&nbsp;&nbsp;&nbsp;&nbsp; Sch\u00fctzenfest Do. 04.Juli&nbsp;&nbsp;&nbsp; Sch\u00fctzenfest Fr. 05.Juli&nbsp;&nbsp;&nbsp;&nbsp;&nbsp; Sch\u00fctzenfest<\/p>\n","protected":false},"author":1,"featured_media":0,"parent":0,"menu_order":0,"comment_status":"closed","ping_status":"closed","template":"","meta":{"footnotes":""},"class_list":["post-277","page","type-page","status-publish","hentry"],"_links":{"self":[{"href":"https:\/\/gettorfer-schuetzenverein.de\/index.php\/wp-json\/wp\/v2\/pages\/277","targetHints":{"allow":["GET"]}}],"collection":[{"href":"https:\/\/gettorfer-schuetzenverein.de\/index.php\/wp-json\/wp\/v2\/pages"}],"about":[{"href":"https:\/\/gettorfer-schuetzenverein.de\/index.php\/wp-json\/wp\/v2\/types\/page"}],"author":[{"embeddable":true,"href":"https:\/\/gettorfer-schuetzenverein.de\/index.php\/wp-json\/wp\/v2\/users\/1"}],"replies":[{"embeddable":true,"href":"https:\/\/gettorfer-schuetzenverein.de\/index.php\/wp-json\/wp\/v2\/comments?post=277"}],"version-history":[{"count":13,"href":"https:\/\/gettorfer-schuetzenverein.de\/index.php\/wp-json\/wp\/v2\/pages\/277\/revisions"}],"predecessor-version":[{"id":291,"href":"https:\/\/gettorfer-schuetzenverein.de\/index.php\/wp-json\/wp\/v2\/pages\/277\/revisions\/291"}],"wp:attachment":[{"href":"https:\/\/gettorfer-schuetzenverein.de\/index.php\/wp-json\/wp\/v2\/media?parent=277"}],"curies":[{"name":"wp","href":"https:\/\/api.w.org\/{rel}","templated":true}]}}

<div data-elementor-type="wp-post" data-elementor-id="277" class="elementor elementor-277">
						<section class="elementor-section elementor-top-section elementor-element elementor-element-620b651 elementor-section-boxed elementor-section-height-default elementor-section-height-default" data-id="620b651" data-element_type="section" data-e-type="section">
						<div class="elementor-container elementor-column-gap-default">
					<div class="elementor-column elementor-col-100 elementor-top-column elementor-element elementor-element-0a98b65" data-id="0a98b65" data-element_type="column" data-e-type="column">
			<div class="elementor-widget-wrap elementor-element-populated">
							</div>
		</div>
					</div>
		</section>
				<section class="elementor-section elementor-top-section elementor-element elementor-element-66e364a elementor-section-boxed elementor-section-height-default elementor-section-height-default" data-id="66e364a" data-element_type="section" data-e-type="section">
						<div class="elementor-container elementor-column-gap-default">
					<div class="elementor-column elementor-col-100 elementor-top-column elementor-element elementor-element-d91541a" data-id="d91541a" data-element_type="column" data-e-type="column">
			<div class="elementor-widget-wrap">
							</div>
		</div>
					</div>
		</section>
				<section class="elementor-section elementor-top-section elementor-element elementor-element-e2ee5a3 elementor-section-boxed elementor-section-height-default elementor-section-height-default" data-id="e2ee5a3" data-element_type="section" data-e-type="section">
						<div class="elementor-container elementor-column-gap-default">
					<div class="elementor-column elementor-col-100 elementor-top-column elementor-element elementor-element-6f32acb" data-id="6f32acb" data-element_type="column" data-e-type="column">
			<div class="elementor-widget-wrap elementor-element-populated">
						<div class="elementor-element elementor-element-b064862 elementor-widget elementor-widget-text-editor" data-id="b064862" data-element_type="widget" data-e-type="widget" data-widget_type="text-editor.default">
				<div class="elementor-widget-container">
									<h3><strong>Schützenfest:</strong></h3><ul><li>Sa. 29.Juni   Aufbau Schützenfest</li><li style="box-sizing: inherit;">So. 30.Juni   Königsschuß</li><li style="box-sizing: inherit;">Di. 02.Juli     Schützenfest</li><li style="box-sizing: inherit;">Mi. 03.Juli     Schützenfest</li><li style="box-sizing: inherit;">Do. 04.Juli    Schützenfest</li><li style="box-sizing: inherit;">Fr. 05.Juli      Schützenfest</li><li style="box-sizing: inherit;">Sa. 06.Juli     Schützenfest</li><li style="box-sizing: inherit;">So. 07.Juli     Schützenfest</li></ul><div><h3><strong>Weitere Termine:</strong></h3></div><div><span style="color: #303030; font-family: 'Open Sans', Tahoma, Arial; font-size: 17px; font-style: normal; font-variant-ligatures: normal; font-variant-caps: normal; font-weight: 400; letter-spacing: normal; orphans: 2; text-align: start; text-indent: 0px; text-transform: none; white-space: normal; widows: 2; word-spacing: 0px; -webkit-text-stroke-width: 0px; background-color: #ffffff; text-decoration-style: initial; text-decoration-color: initial; display: inline !important; float: none;">31. August        Grillfest<br /></span></div><div><span style="color: #303030; font-family: 'Open Sans', Tahoma, Arial; font-size: 17px; font-style: normal; font-variant-ligatures: normal; font-variant-caps: normal; font-weight: 400; letter-spacing: normal; orphans: 2; text-align: start; text-indent: 0px; text-transform: none; white-space: normal; widows: 2; word-spacing: 0px; -webkit-text-stroke-width: 0px; background-color: #ffffff; text-decoration-style: initial; text-decoration-color: initial; display: inline !important; float: none;">09. November  Abschießen</span></div><div><span style="color: #303030; font-family: 'Open Sans', Tahoma, Arial; font-size: 17px; font-style: normal; font-variant-ligatures: normal; font-variant-caps: normal; font-weight: 400; letter-spacing: normal; orphans: 2; text-align: start; text-indent: 0px; text-transform: none; white-space: normal; widows: 2; word-spacing: 0px; -webkit-text-stroke-width: 0px; background-color: #ffffff; text-decoration-style: initial; text-decoration-color: initial; display: inline !important; float: none;">17. Dezember  Weihnachtsschießen<br /></span></div><div><span style="color: #303030; font-family: 'Open Sans', Tahoma, Arial; font-size: 17px; font-style: normal; font-variant-ligatures: normal; font-variant-caps: normal; font-weight: 400; letter-spacing: normal; orphans: 2; text-align: start; text-indent: 0px; text-transform: none; white-space: normal; widows: 2; word-spacing: 0px; -webkit-text-stroke-width: 0px; background-color: #ffffff; text-decoration-style: initial; text-decoration-color: initial; display: inline !important; float: none;"> </span></div>								</div>
				</div>
					</div>
		</div>
					</div>
		</section>
				</div>

<p>Schützenfest: Sa. 29.Juni&nbsp;&nbsp; Aufbau Schützenfest So. 30.Juni&nbsp;&nbsp; Königsschuß Di. 02.Juli&nbsp;&nbsp;&nbsp;&nbsp; Schützenfest Mi. 03.Juli&nbsp;&nbsp;&nbsp;&nbsp; Schützenfest Do. 04.Juli&nbsp;&nbsp;&nbsp; Schützenfest Fr. 05.Juli&nbsp;&nbsp;&nbsp;&nbsp;&nbsp; Schützenfest</p>
